{"id":119,"date":"2018-10-16T22:00:14","date_gmt":"2018-10-16T20:00:14","guid":{"rendered":"http:\/\/vitigad.fr\/?page_id=119"},"modified":"2021-06-07T10:44:29","modified_gmt":"2021-06-07T08:44:29","slug":"cloture","status":"publish","type":"page","link":"https:\/\/vitigad.fr\/index.php\/services-et-prestations\/cloture\/","title":{"rendered":"Cl\u00f4ture"},"content":{"rendered":"<p>L\u2019entit\u00e9 VitiGad propose ses services dans la pose de cl\u00f4ture. Sp\u00e9cialis\u00e9e dans la mise en terre de piquets, nous proposons l&rsquo;installation de :<\/p>\n<ul>\n<li>cl\u00f4ture bois<\/li>\n<li>cl\u00f4ture souple<\/li>\n<li>cl\u00f4ture pour b\u00e9tail<\/li>\n<li>paddock pour chevaux<\/li>\n<li>corp structurant en bois de carri\u00e8re \u00e9questre<\/li>\n<\/ul>\n<p>Tous nos chantiers font l\u2019objet d\u2019une \u00e9tude pr\u00e9alable, afin de pouvoir conseiller au mieux nos clients dans le choix des mat\u00e9riaux et d&rsquo;implantation.<\/p>\n<p><a href=\"https:\/\/www.facebook.com\/VitiGad\/\" target=\"_blank\" rel=\"noopener\">&nbsp;<\/a><\/p>\n\n\n<div class=\"wp-block-jetpack-slideshow aligncenter\" data-effect=\"slide\"><div class=\"wp-block-jetpack-slideshow_container swiper-container\"><ul class=\"wp-block-jetpack-slideshow_swiper-wrapper swiper-wrapper\"><li class=\"wp-block-jetpack-slideshow_slide swiper-slide\"><figure><img loading=\"lazy\" width=\"720\" height=\"960\" alt=\"\" class=\"wp-block-jetpack-slideshow_image wp-image-793\" data-id=\"793\" src=\"https:\/\/vitigad.fr\/wp-content\/uploads\/2021\/03\/083B37E9-1D09-4FCC-BE9A-F4CEAA660E48.jpeg\" srcset=\"https:\/\/vitigad.fr\/wp-content\/uploads\/2021\/03\/083B37E9-1D09-4FCC-BE9A-F4CEAA660E48.jpeg 720w, https:\/\/vitigad.fr\/wp-content\/uploads\/2021\/03\/083B37E9-1D09-4FCC-BE9A-F4CEAA660E48-225x300.jpeg 225w, https:\/\/vitigad.fr\/wp-content\/uploads\/2021\/03\/083B37E9-1D09-4FCC-BE9A-F4CEAA660E48-230x307.jpeg 230w, https:\/\/vitigad.fr\/wp-content\/uploads\/2021\/03\/083B37E9-1D09-4FCC-BE9A-F4CEAA660E48-350x467.jpeg 350w, https:\/\/vitigad.fr\/wp-content\/uploads\/2021\/03\/083B37E9-1D09-4FCC-BE9A-F4CEAA660E48-480x640.jpeg 480w\" sizes=\"(max-width: 720px) 100vw, 720px\" \/><\/figure><\/li><li class=\"wp-block-jetpack-slideshow_slide swiper-slide\"><figure><img loading=\"lazy\" width=\"960\" height=\"720\" alt=\"\" class=\"wp-block-jetpack-slideshow_image wp-image-794\" data-id=\"794\" src=\"https:\/\/vitigad.fr\/wp-content\/uploads\/2021\/03\/1D4CEBB9-DCF0-4856-9732-7D058BC6D6FD.jpeg\" srcset=\"https:\/\/vitigad.fr\/wp-content\/uploads\/2021\/03\/1D4CEBB9-DCF0-4856-9732-7D058BC6D6FD.jpeg 960w, https:\/\/vitigad.fr\/wp-content\/uploads\/2021\/03\/1D4CEBB9-DCF0-4856-9732-7D058BC6D6FD-300x225.jpeg 300w, https:\/\/vitigad.fr\/wp-content\/uploads\/2021\/03\/1D4CEBB9-DCF0-4856-9732-7D058BC6D6FD-768x576.jpeg 768w, https:\/\/vitigad.fr\/wp-content\/uploads\/2021\/03\/1D4CEBB9-DCF0-4856-9732-7D058BC6D6FD-830x623.jpeg 830w, https:\/\/vitigad.fr\/wp-content\/uploads\/2021\/03\/1D4CEBB9-DCF0-4856-9732-7D058BC6D6FD-230x173.jpeg 230w, https:\/\/vitigad.fr\/wp-content\/uploads\/2021\/03\/1D4CEBB9-DCF0-4856-9732-7D058BC6D6FD-350x263.jpeg 350w, https:\/\/vitigad.fr\/wp-content\/uploads\/2021\/03\/1D4CEBB9-DCF0-4856-9732-7D058BC6D6FD-480x360.jpeg 480w\" sizes=\"(max-width: 960px) 100vw, 960px\" \/><\/figure><\/li><li class=\"wp-block-jetpack-slideshow_slide swiper-slide\"><figure><img loading=\"lazy\" width=\"960\" height=\"720\" alt=\"\" class=\"wp-block-jetpack-slideshow_image wp-image-795\" data-id=\"795\" src=\"https:\/\/vitigad.fr\/wp-content\/uploads\/2021\/03\/B334F10C-DEB0-4025-9786-7DE6C68A569E.jpeg\" srcset=\"https:\/\/vitigad.fr\/wp-content\/uploads\/2021\/03\/B334F10C-DEB0-4025-9786-7DE6C68A569E.jpeg 960w, https:\/\/vitigad.fr\/wp-content\/uploads\/2021\/03\/B334F10C-DEB0-4025-9786-7DE6C68A569E-300x225.jpeg 300w, https:\/\/vitigad.fr\/wp-content\/uploads\/2021\/03\/B334F10C-DEB0-4025-9786-7DE6C68A569E-768x576.jpeg 768w, https:\/\/vitigad.fr\/wp-content\/uploads\/2021\/03\/B334F10C-DEB0-4025-9786-7DE6C68A569E-830x623.jpeg 830w, https:\/\/vitigad.fr\/wp-content\/uploads\/2021\/03\/B334F10C-DEB0-4025-9786-7DE6C68A569E-230x173.jpeg 230w, https:\/\/vitigad.fr\/wp-content\/uploads\/2021\/03\/B334F10C-DEB0-4025-9786-7DE6C68A569E-350x263.jpeg 350w, https:\/\/vitigad.fr\/wp-content\/uploads\/2021\/03\/B334F10C-DEB0-4025-9786-7DE6C68A569E-480x360.jpeg 480w\" sizes=\"(max-width: 960px) 100vw, 960px\" \/><\/figure><\/li><li class=\"wp-block-jetpack-slideshow_slide swiper-slide\"><figure><img loading=\"lazy\" width=\"960\" height=\"720\" alt=\"\" class=\"wp-block-jetpack-slideshow_image wp-image-796\" data-id=\"796\" src=\"https:\/\/vitigad.fr\/wp-content\/uploads\/2021\/03\/9162992B-8C78-4B73-B004-01936A382A28.jpeg\" srcset=\"https:\/\/vitigad.fr\/wp-content\/uploads\/2021\/03\/9162992B-8C78-4B73-B004-01936A382A28.jpeg 960w, https:\/\/vitigad.fr\/wp-content\/uploads\/2021\/03\/9162992B-8C78-4B73-B004-01936A382A28-300x225.jpeg 300w, https:\/\/vitigad.fr\/wp-content\/uploads\/2021\/03\/9162992B-8C78-4B73-B004-01936A382A28-768x576.jpeg 768w, https:\/\/vitigad.fr\/wp-content\/uploads\/2021\/03\/9162992B-8C78-4B73-B004-01936A382A28-830x623.jpeg 830w, https:\/\/vitigad.fr\/wp-content\/uploads\/2021\/03\/9162992B-8C78-4B73-B004-01936A382A28-230x173.jpeg 230w, https:\/\/vitigad.fr\/wp-content\/uploads\/2021\/03\/9162992B-8C78-4B73-B004-01936A382A28-350x263.jpeg 350w, https:\/\/vitigad.fr\/wp-content\/uploads\/2021\/03\/9162992B-8C78-4B73-B004-01936A382A28-480x360.jpeg 480w\" sizes=\"(max-width: 960px) 100vw, 960px\" \/><\/figure><\/li><li class=\"wp-block-jetpack-slideshow_slide swiper-slide\"><figure><img loading=\"lazy\" width=\"720\" height=\"960\" alt=\"\" class=\"wp-block-jetpack-slideshow_image wp-image-797\" data-id=\"797\" src=\"https:\/\/vitigad.fr\/wp-content\/uploads\/2021\/03\/9517A19B-6704-4066-8A9C-CFAB1644D2B7.jpeg\" srcset=\"https:\/\/vitigad.fr\/wp-content\/uploads\/2021\/03\/9517A19B-6704-4066-8A9C-CFAB1644D2B7.jpeg 720w, https:\/\/vitigad.fr\/wp-content\/uploads\/2021\/03\/9517A19B-6704-4066-8A9C-CFAB1644D2B7-225x300.jpeg 225w, https:\/\/vitigad.fr\/wp-content\/uploads\/2021\/03\/9517A19B-6704-4066-8A9C-CFAB1644D2B7-230x307.jpeg 230w, https:\/\/vitigad.fr\/wp-content\/uploads\/2021\/03\/9517A19B-6704-4066-8A9C-CFAB1644D2B7-350x467.jpeg 350w, https:\/\/vitigad.fr\/wp-content\/uploads\/2021\/03\/9517A19B-6704-4066-8A9C-CFAB1644D2B7-480x640.jpeg 480w\" sizes=\"(max-width: 720px) 100vw, 720px\" \/><\/figure><\/li><li class=\"wp-block-jetpack-slideshow_slide swiper-slide\"><figure><img loading=\"lazy\" width=\"720\" height=\"960\" alt=\"\" class=\"wp-block-jetpack-slideshow_image wp-image-798\" data-id=\"798\" src=\"https:\/\/vitigad.fr\/wp-content\/uploads\/2021\/03\/831731C4-51C4-45F7-B2C8-6266DAFFB850.jpeg\" srcset=\"https:\/\/vitigad.fr\/wp-content\/uploads\/2021\/03\/831731C4-51C4-45F7-B2C8-6266DAFFB850.jpeg 720w, https:\/\/vitigad.fr\/wp-content\/uploads\/2021\/03\/831731C4-51C4-45F7-B2C8-6266DAFFB850-225x300.jpeg 225w, https:\/\/vitigad.fr\/wp-content\/uploads\/2021\/03\/831731C4-51C4-45F7-B2C8-6266DAFFB850-230x307.jpeg 230w, https:\/\/vitigad.fr\/wp-content\/uploads\/2021\/03\/831731C4-51C4-45F7-B2C8-6266DAFFB850-350x467.jpeg 350w, https:\/\/vitigad.fr\/wp-content\/uploads\/2021\/03\/831731C4-51C4-45F7-B2C8-6266DAFFB850-480x640.jpeg 480w\" sizes=\"(max-width: 720px) 100vw, 720px\" \/><\/figure><\/li><li class=\"wp-block-jetpack-slideshow_slide swiper-slide\"><figure><img loading=\"lazy\" width=\"720\" height=\"960\" alt=\"\" class=\"wp-block-jetpack-slideshow_image wp-image-799\" data-id=\"799\" src=\"https:\/\/vitigad.fr\/wp-content\/uploads\/2021\/03\/84C48426-D807-41B1-8FA0-E6148EAE7213.jpeg\" srcset=\"https:\/\/vitigad.fr\/wp-content\/uploads\/2021\/03\/84C48426-D807-41B1-8FA0-E6148EAE7213.jpeg 720w, https:\/\/vitigad.fr\/wp-content\/uploads\/2021\/03\/84C48426-D807-41B1-8FA0-E6148EAE7213-225x300.jpeg 225w, https:\/\/vitigad.fr\/wp-content\/uploads\/2021\/03\/84C48426-D807-41B1-8FA0-E6148EAE7213-230x307.jpeg 230w, https:\/\/vitigad.fr\/wp-content\/uploads\/2021\/03\/84C48426-D807-41B1-8FA0-E6148EAE7213-350x467.jpeg 350w, https:\/\/vitigad.fr\/wp-content\/uploads\/2021\/03\/84C48426-D807-41B1-8FA0-E6148EAE7213-480x640.jpeg 480w\" sizes=\"(max-width: 720px) 100vw, 720px\" \/><\/figure><\/li><li class=\"wp-block-jetpack-slideshow_slide swiper-slide\"><figure><img loading=\"lazy\" width=\"932\" height=\"959\" alt=\"\" class=\"wp-block-jetpack-slideshow_image wp-image-800\" data-id=\"800\" src=\"https:\/\/vitigad.fr\/wp-content\/uploads\/2021\/03\/50C19B9D-6642-4A1B-9605-A64F23611E9F.jpeg\" srcset=\"https:\/\/vitigad.fr\/wp-content\/uploads\/2021\/03\/50C19B9D-6642-4A1B-9605-A64F23611E9F.jpeg 932w, https:\/\/vitigad.fr\/wp-content\/uploads\/2021\/03\/50C19B9D-6642-4A1B-9605-A64F23611E9F-292x300.jpeg 292w, https:\/\/vitigad.fr\/wp-content\/uploads\/2021\/03\/50C19B9D-6642-4A1B-9605-A64F23611E9F-768x790.jpeg 768w, https:\/\/vitigad.fr\/wp-content\/uploads\/2021\/03\/50C19B9D-6642-4A1B-9605-A64F23611E9F-830x854.jpeg 830w, https:\/\/vitigad.fr\/wp-content\/uploads\/2021\/03\/50C19B9D-6642-4A1B-9605-A64F23611E9F-230x237.jpeg 230w, https:\/\/vitigad.fr\/wp-content\/uploads\/2021\/03\/50C19B9D-6642-4A1B-9605-A64F23611E9F-350x360.jpeg 350w, https:\/\/vitigad.fr\/wp-content\/uploads\/2021\/03\/50C19B9D-6642-4A1B-9605-A64F23611E9F-480x494.jpeg 480w\" sizes=\"(max-width: 932px) 100vw, 932px\" \/><\/figure><\/li><li class=\"wp-block-jetpack-slideshow_slide swiper-slide\"><figure><img loading=\"lazy\" width=\"720\" height=\"960\" alt=\"\" class=\"wp-block-jetpack-slideshow_image wp-image-801\" data-id=\"801\" src=\"https:\/\/vitigad.fr\/wp-content\/uploads\/2021\/03\/45C14BCB-05C9-4A1F-8AED-25E0191EC1FB.jpeg\" srcset=\"https:\/\/vitigad.fr\/wp-content\/uploads\/2021\/03\/45C14BCB-05C9-4A1F-8AED-25E0191EC1FB.jpeg 720w, https:\/\/vitigad.fr\/wp-content\/uploads\/2021\/03\/45C14BCB-05C9-4A1F-8AED-25E0191EC1FB-225x300.jpeg 225w, https:\/\/vitigad.fr\/wp-content\/uploads\/2021\/03\/45C14BCB-05C9-4A1F-8AED-25E0191EC1FB-230x307.jpeg 230w, https:\/\/vitigad.fr\/wp-content\/uploads\/2021\/03\/45C14BCB-05C9-4A1F-8AED-25E0191EC1FB-350x467.jpeg 350w, https:\/\/vitigad.fr\/wp-content\/uploads\/2021\/03\/45C14BCB-05C9-4A1F-8AED-25E0191EC1FB-480x640.jpeg 480w\" sizes=\"(max-width: 720px) 100vw, 720px\" \/><\/figure><\/li><li class=\"wp-block-jetpack-slideshow_slide swiper-slide\"><figure><img loading=\"lazy\" width=\"720\" height=\"960\" alt=\"\" class=\"wp-block-jetpack-slideshow_image wp-image-802\" data-id=\"802\" src=\"https:\/\/vitigad.fr\/wp-content\/uploads\/2021\/03\/34AF7A46-E79E-4BE0-A409-BE59DDF035E0.jpeg\" srcset=\"https:\/\/vitigad.fr\/wp-content\/uploads\/2021\/03\/34AF7A46-E79E-4BE0-A409-BE59DDF035E0.jpeg 720w, https:\/\/vitigad.fr\/wp-content\/uploads\/2021\/03\/34AF7A46-E79E-4BE0-A409-BE59DDF035E0-225x300.jpeg 225w, https:\/\/vitigad.fr\/wp-content\/uploads\/2021\/03\/34AF7A46-E79E-4BE0-A409-BE59DDF035E0-230x307.jpeg 230w, https:\/\/vitigad.fr\/wp-content\/uploads\/2021\/03\/34AF7A46-E79E-4BE0-A409-BE59DDF035E0-350x467.jpeg 350w, https:\/\/vitigad.fr\/wp-content\/uploads\/2021\/03\/34AF7A46-E79E-4BE0-A409-BE59DDF035E0-480x640.jpeg 480w\" sizes=\"(max-width: 720px) 100vw, 720px\" \/><\/figure><\/li><\/ul><a class=\"wp-block-jetpack-slideshow_button-prev swiper-button-prev swiper-button-white\" role=\"button\"><\/a><a class=\"wp-block-jetpack-slideshow_button-next swiper-button-next swiper-button-white\" role=\"button\"><\/a><a aria-label=\"Pause Slideshow\" class=\"wp-block-jetpack-slideshow_button-pause\" role=\"button\"><\/a><div class=\"wp-block-jetpack-slideshow_pagination swiper-pagination swiper-pagination-white\"><\/div><\/div><\/div>\n\n\n\n<div style=\"height:100px\" aria-hidden=\"true\" class=\"wp-block-spacer\"><\/div>\n\n\n\n<h2>Pose de ganivelles: <\/h2>\n\n\n\n<figure class=\"wp-block-video\"><video controls src=\"http:\/\/vitigad.fr\/wp-content\/uploads\/2021\/06\/VITIGAD-CLOTURES-MAI-2021-POUR-SITE.mp4\"><\/video><\/figure>\n\n\n\n<p><\/p>\n","protected":false},"excerpt":{"rendered":"<p>L\u2019entit\u00e9 VitiGad propose ses services dans la pose de cl\u00f4ture. Sp\u00e9cialis\u00e9e dans la mise en terre de piquets, nous proposons l&rsquo;installation de : cl\u00f4ture bois cl\u00f4ture souple cl\u00f4ture pour b\u00e9tail paddock pour chevaux corp structurant en bois de carri\u00e8re \u00e9questre Tous nos chantiers font l\u2019objet d\u2019une \u00e9tude pr\u00e9alable, afin de pouvoir conseiller au mieux nos [&hellip;]<\/p>\n","protected":false},"author":1,"featured_media":0,"parent":476,"menu_order":2,"comment_status":"closed","ping_status":"closed","template":"page-templates\/page_fullwidth.php","meta":{"spay_email":""},"yoast_head":"<!-- This site is optimized with the Yoast SEO plugin v15.9 - https:\/\/yoast.com\/wordpress\/plugins\/seo\/ -->\n<title>Cl\u00f4ture - VitiGad<\/title>\n<meta name=\"robots\" content=\"index, follow, max-snippet:-1, max-image-preview:large, max-video-preview:-1\" \/>\n<link rel=\"canonical\" href=\"https:\/\/vitigad.fr\/index.php\/services-et-prestations\/cloture\/\" \/>\n<meta property=\"og:locale\" content=\"fr_FR\" \/>\n<meta property=\"og:type\" content=\"article\" \/>\n<meta property=\"og:title\" content=\"Cl\u00f4ture - VitiGad\" \/>\n<meta property=\"og:description\" content=\"L\u2019entit\u00e9 VitiGad propose ses services dans la pose de cl\u00f4ture. Sp\u00e9cialis\u00e9e dans la mise en terre de piquets, nous proposons l&rsquo;installation de : cl\u00f4ture bois cl\u00f4ture souple cl\u00f4ture pour b\u00e9tail paddock pour chevaux corp structurant en bois de carri\u00e8re \u00e9questre Tous nos chantiers font l\u2019objet d\u2019une \u00e9tude pr\u00e9alable, afin de pouvoir conseiller au mieux nos [&hellip;]\" \/>\n<meta property=\"og:url\" content=\"https:\/\/vitigad.fr\/index.php\/services-et-prestations\/cloture\/\" \/>\n<meta property=\"og:site_name\" content=\"VitiGad\" \/>\n<meta property=\"article:modified_time\" content=\"2021-06-07T08:44:29+00:00\" \/>\n<meta property=\"og:image\" content=\"https:\/\/vitigad.fr\/wp-content\/uploads\/2021\/03\/083B37E9-1D09-4FCC-BE9A-F4CEAA660E48.jpeg\" \/>\n<meta name=\"twitter:card\" content=\"summary_large_image\" \/>\n<meta name=\"twitter:label1\" content=\"Dur\u00e9e de lecture est.\">\n\t<meta name=\"twitter:data1\" content=\"3 minutes\">\n<script type=\"application\/ld+json\" class=\"yoast-schema-graph\">{\"@context\":\"https:\/\/schema.org\",\"@graph\":[{\"@type\":\"WebSite\",\"@id\":\"https:\/\/vitigad.fr\/#website\",\"url\":\"https:\/\/vitigad.fr\/\",\"name\":\"VitiGad\",\"description\":\"\",\"potentialAction\":[{\"@type\":\"SearchAction\",\"target\":\"https:\/\/vitigad.fr\/?s={search_term_string}\",\"query-input\":\"required name=search_term_string\"}],\"inLanguage\":\"fr-FR\"},{\"@type\":\"ImageObject\",\"@id\":\"https:\/\/vitigad.fr\/index.php\/services-et-prestations\/cloture\/#primaryimage\",\"inLanguage\":\"fr-FR\",\"url\":\"https:\/\/vitigad.fr\/wp-content\/uploads\/2021\/03\/083B37E9-1D09-4FCC-BE9A-F4CEAA660E48.jpeg\"},{\"@type\":\"WebPage\",\"@id\":\"https:\/\/vitigad.fr\/index.php\/services-et-prestations\/cloture\/#webpage\",\"url\":\"https:\/\/vitigad.fr\/index.php\/services-et-prestations\/cloture\/\",\"name\":\"Cl\\u00f4ture - VitiGad\",\"isPartOf\":{\"@id\":\"https:\/\/vitigad.fr\/#website\"},\"primaryImageOfPage\":{\"@id\":\"https:\/\/vitigad.fr\/index.php\/services-et-prestations\/cloture\/#primaryimage\"},\"datePublished\":\"2018-10-16T20:00:14+00:00\",\"dateModified\":\"2021-06-07T08:44:29+00:00\",\"breadcrumb\":{\"@id\":\"https:\/\/vitigad.fr\/index.php\/services-et-prestations\/cloture\/#breadcrumb\"},\"inLanguage\":\"fr-FR\",\"potentialAction\":[{\"@type\":\"ReadAction\",\"target\":[\"https:\/\/vitigad.fr\/index.php\/services-et-prestations\/cloture\/\"]}]},{\"@type\":\"BreadcrumbList\",\"@id\":\"https:\/\/vitigad.fr\/index.php\/services-et-prestations\/cloture\/#breadcrumb\",\"itemListElement\":[{\"@type\":\"ListItem\",\"position\":1,\"item\":{\"@type\":\"WebPage\",\"@id\":\"https:\/\/vitigad.fr\/\",\"url\":\"https:\/\/vitigad.fr\/\",\"name\":\"Accueil\"}},{\"@type\":\"ListItem\",\"position\":2,\"item\":{\"@type\":\"WebPage\",\"@id\":\"https:\/\/vitigad.fr\/index.php\/services-et-prestations\/\",\"url\":\"https:\/\/vitigad.fr\/index.php\/services-et-prestations\/\",\"name\":\"Nos Prestations\"}},{\"@type\":\"ListItem\",\"position\":3,\"item\":{\"@type\":\"WebPage\",\"@id\":\"https:\/\/vitigad.fr\/index.php\/services-et-prestations\/cloture\/\",\"url\":\"https:\/\/vitigad.fr\/index.php\/services-et-prestations\/cloture\/\",\"name\":\"Cl\\u00f4ture\"}}]}]}<\/script>\n<!-- \/ Yoast SEO plugin. -->","jetpack_sharing_enabled":true,"jetpack_shortlink":"https:\/\/wp.me\/PamHgi-1V","_links":{"self":[{"href":"https:\/\/vitigad.fr\/index.php\/wp-json\/wp\/v2\/pages\/119"}],"collection":[{"href":"https:\/\/vitigad.fr\/index.php\/wp-json\/wp\/v2\/pages"}],"about":[{"href":"https:\/\/vitigad.fr\/index.php\/wp-json\/wp\/v2\/types\/page"}],"author":[{"embeddable":true,"href":"https:\/\/vitigad.fr\/index.php\/wp-json\/wp\/v2\/users\/1"}],"replies":[{"embeddable":true,"href":"https:\/\/vitigad.fr\/index.php\/wp-json\/wp\/v2\/comments?post=119"}],"version-history":[{"count":16,"href":"https:\/\/vitigad.fr\/index.php\/wp-json\/wp\/v2\/pages\/119\/revisions"}],"predecessor-version":[{"id":917,"href":"https:\/\/vitigad.fr\/index.php\/wp-json\/wp\/v2\/pages\/119\/revisions\/917"}],"up":[{"embeddable":true,"href":"https:\/\/vitigad.fr\/index.php\/wp-json\/wp\/v2\/pages\/476"}],"wp:attachment":[{"href":"https:\/\/vitigad.fr\/index.php\/wp-json\/wp\/v2\/media?parent=119"}],"curies":[{"name":"wp","href":"https:\/\/api.w.org\/{rel}","templated":true}]}}