{"id":72,"date":"2018-10-16T17:36:20","date_gmt":"2018-10-16T15:36:20","guid":{"rendered":"http:\/\/vitigad.fr\/?page_id=72"},"modified":"2021-11-24T16:43:10","modified_gmt":"2021-11-24T15:43:10","slug":"palissage-gps-france-plantationpiquetgps","status":"publish","type":"page","link":"https:\/\/vitigad.fr\/index.php\/services-et-prestations\/palissage-gps-france-plantationpiquetgps\/","title":{"rendered":"Palissage"},"content":{"rendered":"<p>L&rsquo;entit\u00e9 VitiGad propose son expertise dans le conseil et l&rsquo;installation de palissage. Que se soit pour un jeune plantier ou une reprise de palissage sur une vigne existante.<br>Nous intervenons dans :<\/p>\n<ul>\n<li>l&rsquo;implantation &amp; le tra\u00e7age<\/li>\n<li>Plantation des piquets interm\u00e9diaires ( piquet bois, profil\u00e9 galvanis\u00e9, corni\u00e8re fer)<\/li>\n<li>la mise en place des piquets de t\u00eates ( piquet bois, profil\u00e9 galvanis\u00e9, corni\u00e8re fer)<\/li>\n<li>la mise en terre de vos ancrages, h\u00e9lice mono-bloc ou corni\u00e8re fer<\/li>\n<li>la r\u00e9alisation des haubans<\/li>\n<li>la mise en place des fils, porteurs, releveurs et fils fixes<\/li>\n<li>mise sous tension de votre palissage<\/li>\n<\/ul>\n<p>Ce syst\u00e8me de plantation vous permettra, en tout point, de faciliter vos d\u00e9marches.<span class=\"Apple-converted-space\">&nbsp;<\/span><\/p>\n<p>Il vous apportera une cartographie fiable et d\u00e9taill\u00e9e de votre parcelle vous offrant l\u2019exactitude du nombres de plans, tuteurs, piquets, lin\u00e9aire de fils etc\u2026 Facilitant vos commandes aupr\u00e8s de vos fournisseurs.<span class=\"Apple-converted-space\">&nbsp;<\/span><\/p>\n<p>Tous nos chantier font l&rsquo;objet d&rsquo;une \u00e9tude pr\u00e9alable, afin de pouvoir conseiller au mieux nos clients et leur garantir une installation qui r\u00e9pondra \u00e0 leurs attentes.<\/p>\n<p>Demande de devis -&gt;&nbsp;<a href=\"http:\/\/vitigad.fr\/index.php\/devis\/\" target=\"_blank\" rel=\"noopener\">Cliquez ici<\/a><\/p>\n<p><a href=\"https:\/\/www.facebook.com\/VitiGad\/\" target=\"_blank\" rel=\"noopener\">&nbsp;<\/a><\/p>\n<p><\/p>\n\n\n<div class=\"wp-block-jetpack-slideshow aligncenter\" data-effect=\"slide\"><div class=\"wp-block-jetpack-slideshow_container swiper-container\"><ul class=\"wp-block-jetpack-slideshow_swiper-wrapper swiper-wrapper\"><li class=\"wp-block-jetpack-slideshow_slide swiper-slide\"><figure><img loading=\"lazy\" width=\"1024\" height=\"700\" alt=\"\" class=\"wp-block-jetpack-slideshow_image wp-image-80\" data-id=\"80\" src=\"http:\/\/vitigad.fr\/wp-content\/uploads\/2018\/10\/37036431_197190354297482_4649500018602934272_o-1024x700.jpg\" srcset=\"https:\/\/vitigad.fr\/wp-content\/uploads\/2018\/10\/37036431_197190354297482_4649500018602934272_o-1024x700.jpg 1024w, https:\/\/vitigad.fr\/wp-content\/uploads\/2018\/10\/37036431_197190354297482_4649500018602934272_o-300x205.jpg 300w, https:\/\/vitigad.fr\/wp-content\/uploads\/2018\/10\/37036431_197190354297482_4649500018602934272_o-768x525.jpg 768w, https:\/\/vitigad.fr\/wp-content\/uploads\/2018\/10\/37036431_197190354297482_4649500018602934272_o-830x567.jpg 830w, https:\/\/vitigad.fr\/wp-content\/uploads\/2018\/10\/37036431_197190354297482_4649500018602934272_o-230x157.jpg 230w, https:\/\/vitigad.fr\/wp-content\/uploads\/2018\/10\/37036431_197190354297482_4649500018602934272_o-350x239.jpg 350w, https:\/\/vitigad.fr\/wp-content\/uploads\/2018\/10\/37036431_197190354297482_4649500018602934272_o-480x328.jpg 480w, https:\/\/vitigad.fr\/wp-content\/uploads\/2018\/10\/37036431_197190354297482_4649500018602934272_o.jpg 1785w\" sizes=\"(max-width: 1024px) 100vw, 1024px\" \/><\/figure><\/li><li class=\"wp-block-jetpack-slideshow_slide swiper-slide\"><figure><img loading=\"lazy\" width=\"960\" height=\"720\" alt=\"\" class=\"wp-block-jetpack-slideshow_image wp-image-100\" data-id=\"100\" src=\"http:\/\/vitigad.fr\/wp-content\/uploads\/2018\/10\/38858261_220021492014368_1959336098723266560_n.jpg\" srcset=\"https:\/\/vitigad.fr\/wp-content\/uploads\/2018\/10\/38858261_220021492014368_1959336098723266560_n.jpg 960w, https:\/\/vitigad.fr\/wp-content\/uploads\/2018\/10\/38858261_220021492014368_1959336098723266560_n-300x225.jpg 300w, https:\/\/vitigad.fr\/wp-content\/uploads\/2018\/10\/38858261_220021492014368_1959336098723266560_n-768x576.jpg 768w, https:\/\/vitigad.fr\/wp-content\/uploads\/2018\/10\/38858261_220021492014368_1959336098723266560_n-830x623.jpg 830w, https:\/\/vitigad.fr\/wp-content\/uploads\/2018\/10\/38858261_220021492014368_1959336098723266560_n-230x173.jpg 230w, https:\/\/vitigad.fr\/wp-content\/uploads\/2018\/10\/38858261_220021492014368_1959336098723266560_n-350x263.jpg 350w, https:\/\/vitigad.fr\/wp-content\/uploads\/2018\/10\/38858261_220021492014368_1959336098723266560_n-480x360.jpg 480w\" sizes=\"(max-width: 960px) 100vw, 960px\" \/><\/figure><\/li><li class=\"wp-block-jetpack-slideshow_slide swiper-slide\"><figure><img loading=\"lazy\" width=\"960\" height=\"720\" alt=\"\" class=\"wp-block-jetpack-slideshow_image wp-image-149\" data-id=\"149\" src=\"http:\/\/vitigad.fr\/wp-content\/uploads\/2018\/10\/37564132_202830543733463_1931675680408338432_n.jpg\" srcset=\"https:\/\/vitigad.fr\/wp-content\/uploads\/2018\/10\/37564132_202830543733463_1931675680408338432_n.jpg 960w, https:\/\/vitigad.fr\/wp-content\/uploads\/2018\/10\/37564132_202830543733463_1931675680408338432_n-300x225.jpg 300w, https:\/\/vitigad.fr\/wp-content\/uploads\/2018\/10\/37564132_202830543733463_1931675680408338432_n-768x576.jpg 768w, https:\/\/vitigad.fr\/wp-content\/uploads\/2018\/10\/37564132_202830543733463_1931675680408338432_n-830x623.jpg 830w, https:\/\/vitigad.fr\/wp-content\/uploads\/2018\/10\/37564132_202830543733463_1931675680408338432_n-230x173.jpg 230w, https:\/\/vitigad.fr\/wp-content\/uploads\/2018\/10\/37564132_202830543733463_1931675680408338432_n-350x263.jpg 350w, https:\/\/vitigad.fr\/wp-content\/uploads\/2018\/10\/37564132_202830543733463_1931675680408338432_n-480x360.jpg 480w\" sizes=\"(max-width: 960px) 100vw, 960px\" \/><\/figure><\/li><li class=\"wp-block-jetpack-slideshow_slide swiper-slide\"><figure><img loading=\"lazy\" width=\"774\" height=\"960\" alt=\"\" class=\"wp-block-jetpack-slideshow_image wp-image-152\" data-id=\"152\" src=\"http:\/\/vitigad.fr\/wp-content\/uploads\/2018\/10\/39834833_229366504413200_9145854989627817984_n.jpg\" srcset=\"https:\/\/vitigad.fr\/wp-content\/uploads\/2018\/10\/39834833_229366504413200_9145854989627817984_n.jpg 774w, https:\/\/vitigad.fr\/wp-content\/uploads\/2018\/10\/39834833_229366504413200_9145854989627817984_n-242x300.jpg 242w, https:\/\/vitigad.fr\/wp-content\/uploads\/2018\/10\/39834833_229366504413200_9145854989627817984_n-768x953.jpg 768w, https:\/\/vitigad.fr\/wp-content\/uploads\/2018\/10\/39834833_229366504413200_9145854989627817984_n-230x285.jpg 230w, https:\/\/vitigad.fr\/wp-content\/uploads\/2018\/10\/39834833_229366504413200_9145854989627817984_n-350x434.jpg 350w, https:\/\/vitigad.fr\/wp-content\/uploads\/2018\/10\/39834833_229366504413200_9145854989627817984_n-480x595.jpg 480w\" sizes=\"(max-width: 774px) 100vw, 774px\" \/><\/figure><\/li><li class=\"wp-block-jetpack-slideshow_slide swiper-slide\"><figure><img loading=\"lazy\" width=\"1024\" height=\"681\" alt=\"\" class=\"wp-block-jetpack-slideshow_image wp-image-453\" data-id=\"453\" src=\"http:\/\/vitigad.fr\/wp-content\/uploads\/2020\/12\/DSC_0013-1024x681.jpg\" srcset=\"https:\/\/vitigad.fr\/wp-content\/uploads\/2020\/12\/DSC_0013-1024x681.jpg 1024w, https:\/\/vitigad.fr\/wp-content\/uploads\/2020\/12\/DSC_0013-300x199.jpg 300w, https:\/\/vitigad.fr\/wp-content\/uploads\/2020\/12\/DSC_0013-768x511.jpg 768w, https:\/\/vitigad.fr\/wp-content\/uploads\/2020\/12\/DSC_0013-830x552.jpg 830w, https:\/\/vitigad.fr\/wp-content\/uploads\/2020\/12\/DSC_0013-230x153.jpg 230w, https:\/\/vitigad.fr\/wp-content\/uploads\/2020\/12\/DSC_0013-350x233.jpg 350w, https:\/\/vitigad.fr\/wp-content\/uploads\/2020\/12\/DSC_0013-480x319.jpg 480w\" sizes=\"(max-width: 1024px) 100vw, 1024px\" \/><\/figure><\/li><li class=\"wp-block-jetpack-slideshow_slide swiper-slide\"><figure><img loading=\"lazy\" width=\"1024\" height=\"536\" alt=\"\" class=\"wp-block-jetpack-slideshow_image wp-image-780\" data-id=\"780\" src=\"http:\/\/vitigad.fr\/wp-content\/uploads\/2021\/03\/IMG_5717-copie-1024x536.jpg\" srcset=\"https:\/\/vitigad.fr\/wp-content\/uploads\/2021\/03\/IMG_5717-copie-1024x536.jpg 1024w, https:\/\/vitigad.fr\/wp-content\/uploads\/2021\/03\/IMG_5717-copie-300x157.jpg 300w, https:\/\/vitigad.fr\/wp-content\/uploads\/2021\/03\/IMG_5717-copie-768x402.jpg 768w, https:\/\/vitigad.fr\/wp-content\/uploads\/2021\/03\/IMG_5717-copie-1536x803.jpg 1536w, https:\/\/vitigad.fr\/wp-content\/uploads\/2021\/03\/IMG_5717-copie-2048x1071.jpg 2048w, https:\/\/vitigad.fr\/wp-content\/uploads\/2021\/03\/IMG_5717-copie-830x434.jpg 830w, https:\/\/vitigad.fr\/wp-content\/uploads\/2021\/03\/IMG_5717-copie-230x120.jpg 230w, https:\/\/vitigad.fr\/wp-content\/uploads\/2021\/03\/IMG_5717-copie-350x183.jpg 350w, https:\/\/vitigad.fr\/wp-content\/uploads\/2021\/03\/IMG_5717-copie-480x251.jpg 480w\" sizes=\"(max-width: 1024px) 100vw, 1024px\" \/><\/figure><\/li><li class=\"wp-block-jetpack-slideshow_slide swiper-slide\"><figure><img loading=\"lazy\" width=\"1024\" height=\"681\" alt=\"\" class=\"wp-block-jetpack-slideshow_image wp-image-781\" data-id=\"781\" src=\"http:\/\/vitigad.fr\/wp-content\/uploads\/2021\/03\/DSC_0156-1024x681.jpg\" srcset=\"https:\/\/vitigad.fr\/wp-content\/uploads\/2021\/03\/DSC_0156-1024x681.jpg 1024w, https:\/\/vitigad.fr\/wp-content\/uploads\/2021\/03\/DSC_0156-300x199.jpg 300w, https:\/\/vitigad.fr\/wp-content\/uploads\/2021\/03\/DSC_0156-768x511.jpg 768w, https:\/\/vitigad.fr\/wp-content\/uploads\/2021\/03\/DSC_0156-1536x1021.jpg 1536w, https:\/\/vitigad.fr\/wp-content\/uploads\/2021\/03\/DSC_0156-2048x1362.jpg 2048w, https:\/\/vitigad.fr\/wp-content\/uploads\/2021\/03\/DSC_0156-830x552.jpg 830w, https:\/\/vitigad.fr\/wp-content\/uploads\/2021\/03\/DSC_0156-230x153.jpg 230w, https:\/\/vitigad.fr\/wp-content\/uploads\/2021\/03\/DSC_0156-350x233.jpg 350w, https:\/\/vitigad.fr\/wp-content\/uploads\/2021\/03\/DSC_0156-480x319.jpg 480w\" sizes=\"(max-width: 1024px) 100vw, 1024px\" \/><\/figure><\/li><li class=\"wp-block-jetpack-slideshow_slide swiper-slide\"><figure><img loading=\"lazy\" width=\"1024\" height=\"768\" alt=\"\" class=\"wp-block-jetpack-slideshow_image wp-image-784\" data-id=\"784\" src=\"http:\/\/vitigad.fr\/wp-content\/uploads\/2021\/03\/IMG_4908-copie-1024x768.jpg\" srcset=\"https:\/\/vitigad.fr\/wp-content\/uploads\/2021\/03\/IMG_4908-copie-1024x768.jpg 1024w, https:\/\/vitigad.fr\/wp-content\/uploads\/2021\/03\/IMG_4908-copie-300x225.jpg 300w, https:\/\/vitigad.fr\/wp-content\/uploads\/2021\/03\/IMG_4908-copie-768x576.jpg 768w, https:\/\/vitigad.fr\/wp-content\/uploads\/2021\/03\/IMG_4908-copie-1536x1152.jpg 1536w, https:\/\/vitigad.fr\/wp-content\/uploads\/2021\/03\/IMG_4908-copie-2048x1536.jpg 2048w, https:\/\/vitigad.fr\/wp-content\/uploads\/2021\/03\/IMG_4908-copie-830x623.jpg 830w, https:\/\/vitigad.fr\/wp-content\/uploads\/2021\/03\/IMG_4908-copie-230x173.jpg 230w, https:\/\/vitigad.fr\/wp-content\/uploads\/2021\/03\/IMG_4908-copie-350x263.jpg 350w, https:\/\/vitigad.fr\/wp-content\/uploads\/2021\/03\/IMG_4908-copie-480x360.jpg 480w\" sizes=\"(max-width: 1024px) 100vw, 1024px\" \/><\/figure><\/li><li class=\"wp-block-jetpack-slideshow_slide swiper-slide\"><figure><img loading=\"lazy\" width=\"960\" height=\"720\" alt=\"\" class=\"wp-block-jetpack-slideshow_image wp-image-786\" data-id=\"786\" src=\"http:\/\/vitigad.fr\/wp-content\/uploads\/2021\/03\/AC7095A8-CD01-4E81-9583-CE9A0E3E1986.jpeg\" srcset=\"https:\/\/vitigad.fr\/wp-content\/uploads\/2021\/03\/AC7095A8-CD01-4E81-9583-CE9A0E3E1986.jpeg 960w, https:\/\/vitigad.fr\/wp-content\/uploads\/2021\/03\/AC7095A8-CD01-4E81-9583-CE9A0E3E1986-300x225.jpeg 300w, https:\/\/vitigad.fr\/wp-content\/uploads\/2021\/03\/AC7095A8-CD01-4E81-9583-CE9A0E3E1986-768x576.jpeg 768w, https:\/\/vitigad.fr\/wp-content\/uploads\/2021\/03\/AC7095A8-CD01-4E81-9583-CE9A0E3E1986-830x623.jpeg 830w, https:\/\/vitigad.fr\/wp-content\/uploads\/2021\/03\/AC7095A8-CD01-4E81-9583-CE9A0E3E1986-230x173.jpeg 230w, https:\/\/vitigad.fr\/wp-content\/uploads\/2021\/03\/AC7095A8-CD01-4E81-9583-CE9A0E3E1986-350x263.jpeg 350w, https:\/\/vitigad.fr\/wp-content\/uploads\/2021\/03\/AC7095A8-CD01-4E81-9583-CE9A0E3E1986-480x360.jpeg 480w\" sizes=\"(max-width: 960px) 100vw, 960px\" \/><\/figure><\/li><li class=\"wp-block-jetpack-slideshow_slide swiper-slide\"><figure><img loading=\"lazy\" width=\"1024\" height=\"768\" alt=\"\" class=\"wp-block-jetpack-slideshow_image wp-image-852\" data-id=\"852\" src=\"http:\/\/vitigad.fr\/wp-content\/uploads\/2021\/03\/IMG_0079-1024x768.jpg\" srcset=\"https:\/\/vitigad.fr\/wp-content\/uploads\/2021\/03\/IMG_0079-1024x768.jpg 1024w, https:\/\/vitigad.fr\/wp-content\/uploads\/2021\/03\/IMG_0079-300x225.jpg 300w, https:\/\/vitigad.fr\/wp-content\/uploads\/2021\/03\/IMG_0079-768x576.jpg 768w, https:\/\/vitigad.fr\/wp-content\/uploads\/2021\/03\/IMG_0079-1536x1152.jpg 1536w, https:\/\/vitigad.fr\/wp-content\/uploads\/2021\/03\/IMG_0079-2048x1536.jpg 2048w, https:\/\/vitigad.fr\/wp-content\/uploads\/2021\/03\/IMG_0079-830x623.jpg 830w, https:\/\/vitigad.fr\/wp-content\/uploads\/2021\/03\/IMG_0079-230x173.jpg 230w, https:\/\/vitigad.fr\/wp-content\/uploads\/2021\/03\/IMG_0079-350x263.jpg 350w, https:\/\/vitigad.fr\/wp-content\/uploads\/2021\/03\/IMG_0079-480x360.jpg 480w\" sizes=\"(max-width: 1024px) 100vw, 1024px\" \/><\/figure><\/li><\/ul><a class=\"wp-block-jetpack-slideshow_button-prev swiper-button-prev swiper-button-white\" role=\"button\"><\/a><a class=\"wp-block-jetpack-slideshow_button-next swiper-button-next swiper-button-white\" role=\"button\"><\/a><a aria-label=\"Pause Slideshow\" class=\"wp-block-jetpack-slideshow_button-pause\" role=\"button\"><\/a><div class=\"wp-block-jetpack-slideshow_pagination swiper-pagination swiper-pagination-white\"><\/div><\/div><\/div>\n\n\n\n<figure class=\"wp-block-video\"><video controls src=\"http:\/\/vitigad.fr\/wp-content\/uploads\/2021\/05\/VITIGAD-PALISSSAGE-MAI-2021-POUR-SITE.mp4\"><\/video><\/figure>\n\n\n\n<figure class=\"wp-block-video\"><video controls src=\"http:\/\/vitigad.fr\/wp-content\/uploads\/2021\/11\/PALISSAGE-PIQUET-BOIS-2021.mp4\"><\/video><\/figure>\n","protected":false},"excerpt":{"rendered":"<p>L&rsquo;entit\u00e9 VitiGad propose son expertise dans le conseil et l&rsquo;installation de palissage. Que se soit pour un jeune plantier ou une reprise de palissage sur une vigne existante.Nous intervenons dans : l&rsquo;implantation &amp; le tra\u00e7age Plantation des piquets interm\u00e9diaires ( piquet bois, profil\u00e9 galvanis\u00e9, corni\u00e8re fer) la mise en place des piquets de t\u00eates ( [&hellip;]<\/p>\n","protected":false},"author":1,"featured_media":0,"parent":476,"menu_order":1,"comment_status":"closed","ping_status":"closed","template":"page-templates\/page_fullwidth.php","meta":{"spay_email":""},"yoast_head":"<!-- This site is optimized with the Yoast SEO plugin v15.9 - https:\/\/yoast.com\/wordpress\/plugins\/seo\/ -->\n<title>Palissage - GPS - France - VitiGad - Piquets - Plantation GPS<\/title>\n<meta name=\"description\" content=\"VitiGad propose son expertise dans le conseil et l&#039;installation de palissage. la mise en place des piquets est r\u00e9alis\u00e9e par guidage GPS.\" \/>\n<meta name=\"robots\" content=\"index, follow, max-snippet:-1, max-image-preview:large, max-video-preview:-1\" \/>\n<link rel=\"canonical\" href=\"https:\/\/vitigad.fr\/index.php\/services-et-prestations\/palissage-gps-france-plantationpiquetgps\/\" \/>\n<meta property=\"og:locale\" content=\"fr_FR\" \/>\n<meta property=\"og:type\" content=\"article\" \/>\n<meta property=\"og:title\" content=\"Palissage - GPS - France - VitiGad - Piquets - Plantation GPS\" \/>\n<meta property=\"og:description\" content=\"VitiGad propose son expertise dans le conseil et l&#039;installation de palissage. la mise en place des piquets est r\u00e9alis\u00e9e par guidage GPS.\" \/>\n<meta property=\"og:url\" content=\"https:\/\/vitigad.fr\/index.php\/services-et-prestations\/palissage-gps-france-plantationpiquetgps\/\" \/>\n<meta property=\"og:site_name\" content=\"VitiGad\" \/>\n<meta property=\"article:modified_time\" content=\"2021-11-24T15:43:10+00:00\" \/>\n<meta property=\"og:image\" content=\"http:\/\/vitigad.fr\/wp-content\/uploads\/2018\/10\/37036431_197190354297482_4649500018602934272_o-1024x700.jpg\" \/>\n<meta name=\"twitter:card\" content=\"summary_large_image\" \/>\n<meta name=\"twitter:label1\" content=\"Dur\u00e9e de lecture est.\">\n\t<meta name=\"twitter:data1\" content=\"3 minutes\">\n<script type=\"application\/ld+json\" class=\"yoast-schema-graph\">{\"@context\":\"https:\/\/schema.org\",\"@graph\":[{\"@type\":\"WebSite\",\"@id\":\"https:\/\/vitigad.fr\/#website\",\"url\":\"https:\/\/vitigad.fr\/\",\"name\":\"VitiGad\",\"description\":\"\",\"potentialAction\":[{\"@type\":\"SearchAction\",\"target\":\"https:\/\/vitigad.fr\/?s={search_term_string}\",\"query-input\":\"required name=search_term_string\"}],\"inLanguage\":\"fr-FR\"},{\"@type\":\"ImageObject\",\"@id\":\"https:\/\/vitigad.fr\/index.php\/services-et-prestations\/palissage-gps-france-plantationpiquetgps\/#primaryimage\",\"inLanguage\":\"fr-FR\",\"url\":\"http:\/\/vitigad.fr\/wp-content\/uploads\/2018\/10\/37036431_197190354297482_4649500018602934272_o-1024x700.jpg\"},{\"@type\":\"WebPage\",\"@id\":\"https:\/\/vitigad.fr\/index.php\/services-et-prestations\/palissage-gps-france-plantationpiquetgps\/#webpage\",\"url\":\"https:\/\/vitigad.fr\/index.php\/services-et-prestations\/palissage-gps-france-plantationpiquetgps\/\",\"name\":\"Palissage - GPS - France - VitiGad - Piquets - Plantation GPS\",\"isPartOf\":{\"@id\":\"https:\/\/vitigad.fr\/#website\"},\"primaryImageOfPage\":{\"@id\":\"https:\/\/vitigad.fr\/index.php\/services-et-prestations\/palissage-gps-france-plantationpiquetgps\/#primaryimage\"},\"datePublished\":\"2018-10-16T15:36:20+00:00\",\"dateModified\":\"2021-11-24T15:43:10+00:00\",\"description\":\"VitiGad propose son expertise dans le conseil et l'installation de palissage. la mise en place des piquets est r\\u00e9alis\\u00e9e par guidage GPS.\",\"breadcrumb\":{\"@id\":\"https:\/\/vitigad.fr\/index.php\/services-et-prestations\/palissage-gps-france-plantationpiquetgps\/#breadcrumb\"},\"inLanguage\":\"fr-FR\",\"potentialAction\":[{\"@type\":\"ReadAction\",\"target\":[\"https:\/\/vitigad.fr\/index.php\/services-et-prestations\/palissage-gps-france-plantationpiquetgps\/\"]}]},{\"@type\":\"BreadcrumbList\",\"@id\":\"https:\/\/vitigad.fr\/index.php\/services-et-prestations\/palissage-gps-france-plantationpiquetgps\/#breadcrumb\",\"itemListElement\":[{\"@type\":\"ListItem\",\"position\":1,\"item\":{\"@type\":\"WebPage\",\"@id\":\"https:\/\/vitigad.fr\/\",\"url\":\"https:\/\/vitigad.fr\/\",\"name\":\"Accueil\"}},{\"@type\":\"ListItem\",\"position\":2,\"item\":{\"@type\":\"WebPage\",\"@id\":\"https:\/\/vitigad.fr\/index.php\/services-et-prestations\/\",\"url\":\"https:\/\/vitigad.fr\/index.php\/services-et-prestations\/\",\"name\":\"Nos Prestations\"}},{\"@type\":\"ListItem\",\"position\":3,\"item\":{\"@type\":\"WebPage\",\"@id\":\"https:\/\/vitigad.fr\/index.php\/services-et-prestations\/palissage-gps-france-plantationpiquetgps\/\",\"url\":\"https:\/\/vitigad.fr\/index.php\/services-et-prestations\/palissage-gps-france-plantationpiquetgps\/\",\"name\":\"Palissage\"}}]}]}<\/script>\n<!-- \/ Yoast SEO plugin. -->","jetpack_sharing_enabled":true,"jetpack_shortlink":"https:\/\/wp.me\/PamHgi-1a","_links":{"self":[{"href":"https:\/\/vitigad.fr\/index.php\/wp-json\/wp\/v2\/pages\/72"}],"collection":[{"href":"https:\/\/vitigad.fr\/index.php\/wp-json\/wp\/v2\/pages"}],"about":[{"href":"https:\/\/vitigad.fr\/index.php\/wp-json\/wp\/v2\/types\/page"}],"author":[{"embeddable":true,"href":"https:\/\/vitigad.fr\/index.php\/wp-json\/wp\/v2\/users\/1"}],"replies":[{"embeddable":true,"href":"https:\/\/vitigad.fr\/index.php\/wp-json\/wp\/v2\/comments?post=72"}],"version-history":[{"count":28,"href":"https:\/\/vitigad.fr\/index.php\/wp-json\/wp\/v2\/pages\/72\/revisions"}],"predecessor-version":[{"id":977,"href":"https:\/\/vitigad.fr\/index.php\/wp-json\/wp\/v2\/pages\/72\/revisions\/977"}],"up":[{"embeddable":true,"href":"https:\/\/vitigad.fr\/index.php\/wp-json\/wp\/v2\/pages\/476"}],"wp:attachment":[{"href":"https:\/\/vitigad.fr\/index.php\/wp-json\/wp\/v2\/media?parent=72"}],"curies":[{"name":"wp","href":"https:\/\/api.w.org\/{rel}","templated":true}]}}