{"id":83,"date":"2018-10-16T22:15:07","date_gmt":"2018-10-16T20:15:07","guid":{"rendered":"http:\/\/vitigad.fr\/?page_id=83"},"modified":"2021-02-15T18:52:31","modified_gmt":"2021-02-15T17:52:31","slug":"irrigation-vrd","status":"publish","type":"page","link":"https:\/\/vitigad.fr\/index.php\/services-et-prestations\/irrigation-vrd\/","title":{"rendered":"Irrigation \/ VRD"},"content":{"rendered":"\t\t<div data-elementor-type=\"wp-page\" data-elementor-id=\"83\" class=\"elementor elementor-83\" data-elementor-settings=\"[]\">\n\t\t\t\t\t\t\t<div class=\"elementor-section-wrap\">\n\t\t\t\t\t\t\t<section class=\"elementor-section elementor-top-section elementor-element elementor-element-6958807d elementor-section-boxed elementor-section-height-default elementor-section-height-default\" data-id=\"6958807d\" data-element_type=\"section\">\n\t\t\t\t\t\t<div class=\"elementor-container elementor-column-gap-default\">\n\t\t\t\t\t<div class=\"elementor-column elementor-col-100 elementor-top-column elementor-element elementor-element-2542e169\" data-id=\"2542e169\" data-element_type=\"column\">\n\t\t\t<div class=\"elementor-widget-wrap elementor-element-populated\">\n\t\t\t\t\t\t\t\t<div class=\"elementor-element elementor-element-1a14a4cc elementor-widget elementor-widget-text-editor\" data-id=\"1a14a4cc\" data-element_type=\"widget\" data-widget_type=\"text-editor.default\">\n\t\t\t\t<div class=\"elementor-widget-container\">\n\t\t\t\t\t<div class=\"elementor-text-editor elementor-clearfix\">L&rsquo;entit\u00e9 VitiGad propose son expertise dans le conseil et l&rsquo;installation de r\u00e9seaux d&rsquo;irrigations. Les s\u00e9cheresses rencontr\u00e9es par nos clients nous ont pouss\u00e9 \u00e0 d\u00e9velopper cette comp\u00e9tence afin de pouvoir proposer des solutions efficaces et durables. VitiGad \u00e0 la chance de compter dans ses rangs l&rsquo;un des MOF ( Meilleur Ouvrier de France) en canalisation qui met \u00e0 contribution sa technicit\u00e9 pour vous garantir un r\u00e9seau performant.\n\nNos comp\u00e9tences nous permettent \u00e9galement de vous accompagner dans la r\u00e9alisation de :\n<ul>\n \t<li>branchement d&rsquo;Adduction d&rsquo;Eau Potable<\/li>\n \t<li>branchement d&rsquo;Eau Us\u00e9e<\/li>\n \t<li>Pose de r\u00e9seaux secs ( fourreaux t\u00e9l\u00e9com, fourreaux \u00e9lectrique)<\/li>\n<\/ul>\nTous nos chantiers font l\u2019objet d\u2019une \u00e9tude pr\u00e9alable, afin de pouvoir conseiller au mieux nos clients avant et pendant l&rsquo;ex\u00e9cution des travaux.<\/div>\n\t\t\t\t<\/div>\n\t\t\t\t<\/div>\n\t\t\t\t\t<\/div>\n\t\t<\/div>\n\t\t\t\t\t\t\t<\/div>\n\t\t<\/section>\n\t\t\t\t<section class=\"elementor-section elementor-top-section elementor-element elementor-element-666d93a elementor-section-boxed elementor-section-height-default elementor-section-height-default\" data-id=\"666d93a\" data-element_type=\"section\">\n\t\t\t\t\t\t<div class=\"elementor-container elementor-column-gap-default\">\n\t\t\t\t\t<div class=\"elementor-column elementor-col-100 elementor-top-column elementor-element elementor-element-85d7344\" data-id=\"85d7344\" data-element_type=\"column\">\n\t\t\t<div class=\"elementor-widget-wrap elementor-element-populated\">\n\t\t\t\t\t\t\t\t<div class=\"elementor-element elementor-element-eae6f29 elementor-shape-circle elementor-grid-0 e-grid-align-center elementor-widget elementor-widget-social-icons\" data-id=\"eae6f29\" data-element_type=\"widget\" data-widget_type=\"social-icons.default\">\n\t\t\t\t<div class=\"elementor-widget-container\">\n\t\t\t\t\t<div class=\"elementor-social-icons-wrapper elementor-grid\">\n\t\t\t\t\t\t\t<div class=\"elementor-grid-item\">\n\t\t\t\t\t<a class=\"elementor-icon elementor-social-icon elementor-social-icon-facebook elementor-animation-pulse elementor-repeater-item-a963977\" href=\"https:\/\/www.facebook.com\/VitiGad\/\" target=\"_blank\">\n\t\t\t\t\t\t<span class=\"elementor-screen-only\">Facebook<\/span>\n\t\t\t\t\t\t<i class=\"fab fa-facebook\"><\/i>\t\t\t\t\t<\/a>\n\t\t\t\t<\/div>\n\t\t\t\t\t\t\t<div class=\"elementor-grid-item\">\n\t\t\t\t\t<a class=\"elementor-icon elementor-social-icon elementor-social-icon-instagram elementor-animation-pulse elementor-repeater-item-0b96953\" href=\"https:\/\/www.instagram.com\/vitigad\/\" target=\"_blank\">\n\t\t\t\t\t\t<span class=\"elementor-screen-only\">Instagram<\/span>\n\t\t\t\t\t\t<i class=\"fab fa-instagram\"><\/i>\t\t\t\t\t<\/a>\n\t\t\t\t<\/div>\n\t\t\t\t\t\t\t<div class=\"elementor-grid-item\">\n\t\t\t\t\t<a class=\"elementor-icon elementor-social-icon elementor-social-icon-linkedin elementor-animation-pulse elementor-repeater-item-ce80231\" href=\"https:\/\/www.linkedin.com\/company\/vitigad\/\" target=\"_blank\">\n\t\t\t\t\t\t<span class=\"elementor-screen-only\">Linkedin<\/span>\n\t\t\t\t\t\t<i class=\"fab fa-linkedin\"><\/i>\t\t\t\t\t<\/a>\n\t\t\t\t<\/div>\n\t\t\t\t\t<\/div>\n\t\t\t\t<\/div>\n\t\t\t\t<\/div>\n\t\t\t\t\t<\/div>\n\t\t<\/div>\n\t\t\t\t\t\t\t<\/div>\n\t\t<\/section>\n\t\t\t\t\t\t<\/div>\n\t\t\t\t\t<\/div>\n\t\t","protected":false},"excerpt":{"rendered":"<p>L&rsquo;entit\u00e9 VitiGad propose son expertise dans le conseil et l&rsquo;installation de r\u00e9seaux d&rsquo;irrigations. Les s\u00e9cheresses rencontr\u00e9es par nos clients nous ont pouss\u00e9 \u00e0 d\u00e9velopper cette comp\u00e9tence afin de pouvoir proposer des solutions efficaces et durables. VitiGad \u00e0 la chance de compter dans ses rangs l&rsquo;un des MOF ( Meilleur Ouvrier de France) en canalisation qui [&hellip;]<\/p>\n","protected":false},"author":1,"featured_media":0,"parent":476,"menu_order":3,"comment_status":"closed","ping_status":"closed","template":"page-templates\/page_fullwidth.php","meta":{"spay_email":""},"yoast_head":"<!-- This site is optimized with the Yoast SEO plugin v15.9 - https:\/\/yoast.com\/wordpress\/plugins\/seo\/ -->\n<title>Irrigation \/ VRD - VitiGad<\/title>\n<meta name=\"robots\" content=\"index, follow, max-snippet:-1, max-image-preview:large, max-video-preview:-1\" \/>\n<link rel=\"canonical\" href=\"https:\/\/vitigad.fr\/index.php\/services-et-prestations\/irrigation-vrd\/\" \/>\n<meta property=\"og:locale\" content=\"fr_FR\" \/>\n<meta property=\"og:type\" content=\"article\" \/>\n<meta property=\"og:title\" content=\"Irrigation \/ VRD - VitiGad\" \/>\n<meta property=\"og:description\" content=\"L&rsquo;entit\u00e9 VitiGad propose son expertise dans le conseil et l&rsquo;installation de r\u00e9seaux d&rsquo;irrigations. Les s\u00e9cheresses rencontr\u00e9es par nos clients nous ont pouss\u00e9 \u00e0 d\u00e9velopper cette comp\u00e9tence afin de pouvoir proposer des solutions efficaces et durables. VitiGad \u00e0 la chance de compter dans ses rangs l&rsquo;un des MOF ( Meilleur Ouvrier de France) en canalisation qui [&hellip;]\" \/>\n<meta property=\"og:url\" content=\"https:\/\/vitigad.fr\/index.php\/services-et-prestations\/irrigation-vrd\/\" \/>\n<meta property=\"og:site_name\" content=\"VitiGad\" \/>\n<meta property=\"article:modified_time\" content=\"2021-02-15T17:52:31+00:00\" \/>\n<meta name=\"twitter:card\" content=\"summary_large_image\" \/>\n<meta name=\"twitter:label1\" content=\"Dur\u00e9e de lecture est.\">\n\t<meta name=\"twitter:data1\" content=\"1 minute\">\n<script type=\"application\/ld+json\" class=\"yoast-schema-graph\">{\"@context\":\"https:\/\/schema.org\",\"@graph\":[{\"@type\":\"WebSite\",\"@id\":\"https:\/\/vitigad.fr\/#website\",\"url\":\"https:\/\/vitigad.fr\/\",\"name\":\"VitiGad\",\"description\":\"\",\"potentialAction\":[{\"@type\":\"SearchAction\",\"target\":\"https:\/\/vitigad.fr\/?s={search_term_string}\",\"query-input\":\"required name=search_term_string\"}],\"inLanguage\":\"fr-FR\"},{\"@type\":\"WebPage\",\"@id\":\"https:\/\/vitigad.fr\/index.php\/services-et-prestations\/irrigation-vrd\/#webpage\",\"url\":\"https:\/\/vitigad.fr\/index.php\/services-et-prestations\/irrigation-vrd\/\",\"name\":\"Irrigation \/ VRD - VitiGad\",\"isPartOf\":{\"@id\":\"https:\/\/vitigad.fr\/#website\"},\"datePublished\":\"2018-10-16T20:15:07+00:00\",\"dateModified\":\"2021-02-15T17:52:31+00:00\",\"breadcrumb\":{\"@id\":\"https:\/\/vitigad.fr\/index.php\/services-et-prestations\/irrigation-vrd\/#breadcrumb\"},\"inLanguage\":\"fr-FR\",\"potentialAction\":[{\"@type\":\"ReadAction\",\"target\":[\"https:\/\/vitigad.fr\/index.php\/services-et-prestations\/irrigation-vrd\/\"]}]},{\"@type\":\"BreadcrumbList\",\"@id\":\"https:\/\/vitigad.fr\/index.php\/services-et-prestations\/irrigation-vrd\/#breadcrumb\",\"itemListElement\":[{\"@type\":\"ListItem\",\"position\":1,\"item\":{\"@type\":\"WebPage\",\"@id\":\"https:\/\/vitigad.fr\/\",\"url\":\"https:\/\/vitigad.fr\/\",\"name\":\"Accueil\"}},{\"@type\":\"ListItem\",\"position\":2,\"item\":{\"@type\":\"WebPage\",\"@id\":\"https:\/\/vitigad.fr\/index.php\/services-et-prestations\/\",\"url\":\"https:\/\/vitigad.fr\/index.php\/services-et-prestations\/\",\"name\":\"Nos Prestations\"}},{\"@type\":\"ListItem\",\"position\":3,\"item\":{\"@type\":\"WebPage\",\"@id\":\"https:\/\/vitigad.fr\/index.php\/services-et-prestations\/irrigation-vrd\/\",\"url\":\"https:\/\/vitigad.fr\/index.php\/services-et-prestations\/irrigation-vrd\/\",\"name\":\"Irrigation \/ VRD\"}}]}]}<\/script>\n<!-- \/ Yoast SEO plugin. -->","jetpack_sharing_enabled":true,"jetpack_shortlink":"https:\/\/wp.me\/PamHgi-1l","_links":{"self":[{"href":"https:\/\/vitigad.fr\/index.php\/wp-json\/wp\/v2\/pages\/83"}],"collection":[{"href":"https:\/\/vitigad.fr\/index.php\/wp-json\/wp\/v2\/pages"}],"about":[{"href":"https:\/\/vitigad.fr\/index.php\/wp-json\/wp\/v2\/types\/page"}],"author":[{"embeddable":true,"href":"https:\/\/vitigad.fr\/index.php\/wp-json\/wp\/v2\/users\/1"}],"replies":[{"embeddable":true,"href":"https:\/\/vitigad.fr\/index.php\/wp-json\/wp\/v2\/comments?post=83"}],"version-history":[{"count":8,"href":"https:\/\/vitigad.fr\/index.php\/wp-json\/wp\/v2\/pages\/83\/revisions"}],"predecessor-version":[{"id":636,"href":"https:\/\/vitigad.fr\/index.php\/wp-json\/wp\/v2\/pages\/83\/revisions\/636"}],"up":[{"embeddable":true,"href":"https:\/\/vitigad.fr\/index.php\/wp-json\/wp\/v2\/pages\/476"}],"wp:attachment":[{"href":"https:\/\/vitigad.fr\/index.php\/wp-json\/wp\/v2\/media?parent=83"}],"curies":[{"name":"wp","href":"https:\/\/api.w.org\/{rel}","templated":true}]}}